{"id":44,"date":"2025-03-05T16:38:33","date_gmt":"2025-03-05T16:38:33","guid":{"rendered":"https:\/\/minervateam.hu\/?page_id=44"},"modified":"2025-03-06T14:46:38","modified_gmt":"2025-03-06T14:46:38","slug":"palyazataink","status":"publish","type":"page","link":"https:\/\/minervateam.hu\/index.php\/palyazataink\/","title":{"rendered":"P\u00e1ly\u00e1zataink"},"content":{"rendered":"\n<figure class=\"wp-block-table is-style-regular\"><table style=\"border-style:none;border-width:0px\"><tbody><tr><td>A kedvezm\u00e9nyezett neve:<\/td><td><strong>MINERVA TEAM Ipari \u00e9s Kereskedelmi Szolg\u00e1ltat\u00f3 Kft.<\/strong><\/td><\/tr><tr><td>A projekt c\u00edme:<\/td><td><strong>Eg\u00e9szs\u00e9gipari term\u00e9kek gy\u00e1rt\u00e1si kapacit\u00e1s\u00e1nak a fejleszt\u00e9se a Minerva Team Kft. \u00fczem\u00e9ben.<\/strong><\/td><\/tr><tr><td>A szerz\u0151d\u00f6tt t\u00e1mogat\u00e1s \u00f6sszege:<\/td><td><strong>59\u00a0093\u00a0600 Ft<\/strong><\/td><\/tr><tr><td>A t\u00e1mogat\u00e1s m\u00e9rt\u00e9ke (%-ban):<\/td><td><strong>80 %<\/strong><\/td><\/tr><tr><td>A projekt befejez\u00e9si d\u00e1tuma:<\/td><td><strong>2021.11.30.<\/strong><\/td><\/tr><tr><td>A projekt azonos\u00edt\u00f3 sz\u00e1ma:&nbsp;<\/td><td><strong>GINOP-1.2.15-21-2021-00047<\/strong><\/td><\/tr><\/tbody><\/table><\/figure>\n\n\n\n<p>A projekt tartalm\u00e1nak bemutat\u00e1sa:<\/p>\n\n\n\n<p>A Minerva Team Kft. a munka- \u00e9s v\u00e9d\u0151ruh\u00e1zati term\u00e9kek tervez\u00e9s\u00e9re \u00e9s gy\u00e1rt\u00e1s\u00e1ra specializ\u00e1l\u00f3dott v\u00e1llalatok egyik neves k\u00e9pvisel\u0151je Nyugat-Magyarorsz\u00e1gon. A v\u00e1llalkoz\u00e1s r\u00f6vidt\u00e1v\u00fa fejleszt\u00e9si strat\u00e9g\u00e1nak az egyik f\u0151 c\u00e9lja, hogy olyan piack\u00e9pes \u00faj term\u00e9kpalett\u00e1val l\u00e9pjenek a hazai \u00e9s a nemzetk\u00f6zi piacra, ami hossz\u00fat\u00e1v\u00fa n\u00f6veked\u00e9si lehet\u0151s\u00e9get \u00e9s stabil piaci r\u00e9szesed\u00e9st biztos\u00edt a sz\u00e1m\u00e1ra. Jelen fejleszt\u00e9si projekt megval\u00f3s\u00edt\u00e1s\u00e1val a v\u00e1llalkoz\u00e1s c\u00e9lja az volt, hogy olyan eg\u00e9szs\u00e9gipari gy\u00e1rt\u00f3i kapacit\u00e1sokat \u00e9p\u00edtsen ki, amellyel a koronav\u00edrus-j\u00e1rv\u00e1ny elleni v\u00e9dekez\u00e9s szempontj\u00e1b\u00f3l is relev\u00e1ns term\u00e9keket tudjon el\u0151\u00e1ll\u00edtani. A fejleszt\u00e9s keret\u00e9ben technol\u00f3giai \u00e9s informatikai eszk\u00f6z\u00f6ket, \u00e9s a logisztikai feladatokat megk\u00f6nny\u00edt\u0151 elektromos targonca beszerz\u00e9se val\u00f3sult meg.<\/p>\n\n\n\n<figure class=\"wp-block-image size-full\"><img loading=\"lazy\" decoding=\"async\" width=\"758\" height=\"531\" src=\"https:\/\/minervateam.hu\/wp-content\/uploads\/2025\/03\/image.png\" alt=\"\" class=\"wp-image-46\" srcset=\"https:\/\/minervateam.hu\/wp-content\/uploads\/2025\/03\/image.png 758w, https:\/\/minervateam.hu\/wp-content\/uploads\/2025\/03\/image-300x210.png 300w\" sizes=\"auto, (max-width: 758px) 100vw, 758px\" \/><\/figure>\n\n\n\n<figure class=\"wp-block-table\"><table style=\"border-style:none;border-width:0px\"><tbody><tr><td>A kedvezm\u00e9nyezett neve:<\/td><td><strong>MINERVA TEAM Ipari \u00e9s Kereskedelmi Szolg\u00e1ltat\u00f3 Kft.<\/strong><\/td><\/tr><tr><td>A projekt c\u00edme:<\/td><td><strong>Steril orvosi ruh\u00e1zati term\u00e9kek gy\u00e1rt\u00e1si felt\u00e9teleinek a megteremt\u00e9se a Minerva Team Kft.-n\u00e9l.<\/strong><\/td><\/tr><tr><td>A szerz\u0151d\u00f6tt t\u00e1mogat\u00e1s \u00f6sszege:<\/td><td><strong>121.490.618 Ft<\/strong><\/td><\/tr><tr><td>A t\u00e1mogat\u00e1s m\u00e9rt\u00e9ke (%-ban):<\/td><td><strong>70 %<\/strong><\/td><\/tr><tr><td>A projekt befejez\u00e9si d\u00e1tuma:<\/td><td><strong>2022.06.15.<\/strong><\/td><\/tr><tr><td>A projekt azonos\u00edt\u00f3 sz\u00e1ma:<\/td><td><strong>GINOP-1.2.14-20-2021-00182<\/strong><\/td><\/tr><\/tbody><\/table><\/figure>\n\n\n\n<p>A projekt tartalm\u00e1nak bemutat\u00e1sa:<\/p>\n\n\n\n<p>Jelen projekt c\u00e9lja az volt, hogy a Minerva Team Kft. a k\u00f6z\u00e9pt\u00e1v\u00fa fejleszt\u00e9si strat\u00e9g\u00e1nak megfelel\u0151en, olyan piack\u00e9pes \u00faj term\u00e9kpalett\u00e1val l\u00e9pjen a nemzetk\u00f6zi piacra, ami hossz\u00fat\u00e1v\u00fa n\u00f6veked\u00e9si lehet\u0151s\u00e9get \u00e9s stabil piaci r\u00e9szesed\u00e9st biztos\u00edt a sz\u00e1m\u00e1ra. Az elm\u00falt \u00e9vben kialakult eg\u00e9szs\u00e9g\u00fcgyi (COVID-19) helyzet ezt a fejleszt\u00e9si tervet jelent\u0151s m\u00e9rt\u00e9kben er\u0151s\u00edtette, annak megval\u00f3sul\u00e1s\u00e1t felgyors\u00edtotta \u00e9s a kor\u00e1bban is meglev\u0151 piaci ig\u00e9nyeket a sokszoros\u00e1ra n\u00f6velte. A min\u0151s\u00e9gi, steril eg\u00e9szs\u00e9g\u00fcgyi (v\u00e9d\u0151-) ruh\u00e1zatnak az elm\u00falt id\u0151szakban is megvolt a l\u00e9tjogosults\u00e1ga, azonban a mostani j\u00e1rv\u00e1nyhelyzet jelent\u0151s m\u00e9rt\u00e9kben \u00e1talak\u00edtotta \u00e9s megn\u00f6velte az ig\u00e9nyeket, \u00edgy a mostani piacra l\u00e9p\u00e9s a legjobb id\u0151pont a terjeszked\u00e9sre.<\/p>\n\n\n\n<p>A fejleszt\u00e9si projekt keret\u00e9ben a v\u00e1llalkoz\u00e1s a term\u00e9kfejleszt\u00e9ssel p\u00e1rhuzamosan (tervez\u00e9s, design, technol\u00f3gia) kialak\u00edtotta a gy\u00e1rt\u00e1shoz sz\u00fcks\u00e9ges infrastruktur\u00e1lis felt\u00e9teleket, technol\u00f3giai \u00e9s informatikai fejleszt\u00e9seket hajtott v\u00e9gre, megtervezte a term\u00e9kpaletta termel\u00e9si folyamatait \u00e9s legy\u00e1rtotta a tesztel\u00e9sekhez, min\u0151s\u00edt\u00e9sekhez, illetve a promot\u00e1l\u00e1s\u00e1hoz (ki\u00e1ll\u00edt\u00e1s \u00e9s term\u00e9kbemutat\u00f3k) sz\u00fcks\u00e9ges mintamennyis\u00e9get.<\/p>\n\n\n\n<figure class=\"wp-block-image size-full\"><img loading=\"lazy\" decoding=\"async\" width=\"757\" height=\"532\" src=\"https:\/\/minervateam.hu\/wp-content\/uploads\/2025\/03\/image-1.png\" alt=\"\" class=\"wp-image-47\" srcset=\"https:\/\/minervateam.hu\/wp-content\/uploads\/2025\/03\/image-1.png 757w, https:\/\/minervateam.hu\/wp-content\/uploads\/2025\/03\/image-1-300x211.png 300w\" sizes=\"auto, (max-width: 757px) 100vw, 757px\" \/><\/figure>\n\n\n\n<figure class=\"wp-block-table\"><table style=\"border-style:none;border-width:0px\"><tbody><tr><td>A kedvezm\u00e9nyezett neve:<\/td><td><strong>MINERVA TEAM Ipari \u00e9s Kereskedelmi Szolg\u00e1ltat\u00f3 Kft.<\/strong><\/td><\/tr><tr><td>A projekt c\u00edme:<\/td><td><strong>Energetikai fejleszt\u00e9s a Minerva Team nagykanizsai \u00fczem\u00e9ben.<\/strong><\/td><\/tr><tr><td>A szerz\u0151d\u00f6tt t\u00e1mogat\u00e1s \u00f6sszege:<\/td><td><strong>4.743.309 Ft<\/strong><\/td><\/tr><tr><td>A t\u00e1mogat\u00e1s m\u00e9rt\u00e9ke (%-ban):<\/td><td><strong>55 %<\/strong><\/td><\/tr><tr><td>A projekt befejez\u00e9si d\u00e1tuma:<\/td><td><strong>2021.06.17.<\/strong><\/td><\/tr><tr><td>A projekt azonos\u00edt\u00f3 sz\u00e1ma:<\/td><td><strong>GINOP-4.1.4-19-2020-02155<\/strong><\/td><\/tr><\/tbody><\/table><\/figure>\n\n\n\n<p>A projekt tartalm\u00e1nak bemutat\u00e1sa:<\/p>\n\n\n\n<p>A p\u00e1ly\u00e1zati projekt sor\u00e1n, a felh\u00edv\u00e1sban megfogalmazott c\u00e9lokat k\u00f6vetve \u00e9s el\u0151\u00edr\u00e1sokat betartva megval\u00f3sult a Minerva Team Kft. napelemes rendszere. A projekt a p\u00e1ly\u00e1zati hat\u00e1rid\u0151ket betartva, az el\u0151re meghat\u00e1rozott p\u00e9nz\u00fcgyi kereteknek megfelel\u0151en val\u00f3sult meg. A sz\u00e1ll\u00edt\u00f3 c\u00e9l szakemberei felszerelt\u00e9k az eszk\u00f6z\u00f6ket, az \u00e1ramszolg\u00e1ltat\u00f3 pedig \u00fczembe helyezte a rendszert.<\/p>\n\n\n\n<p class=\"is-style-default\">A fejleszt\u00e9s sor\u00e1n a v\u00e1llalkoz\u00e1sunk nagykanizsai telephely\u00e9n, a gy\u00e1rt\u00f3 csarnokunk tet\u0151szerkezet\u00e9n ker\u00fclt elhelyez\u00e9sre a 93 darab Canadian Solar 370 Wp napelem panel \u00e9s 2 db SolarEdge SE25K inverter a kieg\u00e9sz\u00edt\u0151 elektronikai \u00e9s tart\u00f3szerkezeti alkatr\u00e9szekkel egy\u00fctt. A rendszer 34,41 kWp n\u00e9vleges teljes\u00edtm\u00e9ny mellett 50 kW csatlakoz\u00e1si fel\u00fcleten kapcsol\u00f3dik a h\u00e1l\u00f3zathoz. A panelek szinte teljes d\u00e9li t\u00e1jol\u00e1s mellett, \u00e1rny\u00e9k n\u00e9lk\u00fcl hasznos\u00edthatj\u00e1k a nap energi\u00e1j\u00e1t. Az el\u0151zetes tervek alapj\u00e1n, optim\u00e1lis id\u0151j\u00e1r\u00e1si viszonyok ut\u00e1n, \u00e9vente ak\u00e1r 37.000 kWh elektromos energi\u00e1t is el\u0151\u00e1ll\u00edthatunk, amely a felhaszn\u00e1l\u00e1si ig\u00e9ny\u00fcnk 70-80 %-\u00e1t is kiel\u00e9g\u00edtheti.<\/p>\n\n\n\n<figure class=\"wp-block-image size-full\"><img loading=\"lazy\" decoding=\"async\" width=\"758\" height=\"530\" src=\"https:\/\/minervateam.hu\/wp-content\/uploads\/2025\/03\/image-2.png\" alt=\"\" class=\"wp-image-48\" srcset=\"https:\/\/minervateam.hu\/wp-content\/uploads\/2025\/03\/image-2.png 758w, https:\/\/minervateam.hu\/wp-content\/uploads\/2025\/03\/image-2-300x210.png 300w\" sizes=\"auto, (max-width: 758px) 100vw, 758px\" \/><\/figure>\n\n\n\n<figure class=\"wp-block-table\"><table style=\"border-style:none;border-width:0px\"><tbody><tr><td>A kedvezm\u00e9nyezett neve:<\/td><td><strong>MINERVA TEAM Ipari \u00e9s Kereskedelmi Szolg\u00e1ltat\u00f3 Kft.<\/strong><\/td><\/tr><tr><td>A projekt c\u00edme:<\/td><td><strong>Informatikai fejleszt\u00e9s a Minerva Team Kft. nagykanizsai \u00fczem\u00e9ben.<\/strong><\/td><\/tr><tr><td>A szerz\u0151d\u00f6tt t\u00e1mogat\u00e1s \u00f6sszege:<\/td><td><strong>11.935.600 Ft<\/strong><\/td><\/tr><tr><td>A t\u00e1mogat\u00e1s m\u00e9rt\u00e9ke (%-ban):<\/td><td><strong>40 %<\/strong><\/td><\/tr><tr><td>A projekt befejez\u00e9si d\u00e1tuma:<\/td><td><strong>2019.10.01.<\/strong><\/td><\/tr><tr><td>A projekt azonos\u00edt\u00f3 sz\u00e1ma:<\/td><td><strong>GINOP-3.2.2-8-2-4-16-2018-01186<\/strong><\/td><\/tr><\/tbody><\/table><\/figure>\n\n\n\n<p>&nbsp;A projekt tartalm\u00e1nak bemutat\u00e1sa:<\/p>\n\n\n\n<p>A p\u00e1ly\u00e1zati projekt c\u00e9lj\u00e1nak megfelel\u0151en beszerz\u00e9sre \u00e9s be\u00fczemel\u00e9sre ker\u00fclt a MINERVA TEAM Kft. elektronikus v\u00e1llalatir\u00e1ny\u00edt\u00e1si rendszere a sz\u00fcks\u00e9ges funkci\u00f3kkal \u00e9s a kapcsol\u00f3d\u00f3 szolg\u00e1ltat\u00e1sokkal egy\u00fctt, tov\u00e1bb\u00e1 a rendszer kiszolg\u00e1l\u00e1s\u00e1t lehet\u0151v\u00e9 tev\u0151 hardver eszk\u00f6z\u00f6ket is haszn\u00e1latba vett\u00e9k a munkat\u00e1rsak.<\/p>\n\n\n\n<p>A projekt sor\u00e1n a sz\u00e1ll\u00edt\u00f3 c\u00e9g szakemberei felm\u00e9rt\u00e9k, hogy a p\u00e1ly\u00e1z\u00f3 m\u0171k\u00f6d\u00e9si \u00e9s kereskedelmi folyamatai mik\u00e9nt illeszkednek az MobilSzla ERP rendszer \u00e1ltal lefedett funkci\u00f3khoz, \u00e9s a sz\u00fcks\u00e9ges esetekben \u00e9s m\u00e9rt\u00e9kben param\u00e9terezt\u00e9k, testre szabt\u00e1k a rendszert, illetve bizonyos esetekben tov\u00e1bbfejlesztett\u00e9k a rendelkez\u00e9sre \u00e1ll\u00f3 funkci\u00f3kat. A felhaszn\u00e1l\u00f3k oktat\u00e1s keret\u00e9ben saj\u00e1t\u00edthatt\u00e1k el a m\u0171k\u00f6dtet\u00e9shez sz\u00fcks\u00e9ges inform\u00e1ci\u00f3kat. A sikeres install\u00e1ci\u00f3k \u00e9s m\u0171k\u00f6d\u00e9si k\u00f6rnyezet kialak\u00edt\u00e1sa ut\u00e1n a rendszer \u00e9les \u00fczembe \u00e1ll\u00edt\u00e1s\u00e1val z\u00e1rult a projekt.<\/p>\n\n\n\n<figure class=\"wp-block-image size-full\"><img loading=\"lazy\" decoding=\"async\" width=\"758\" height=\"533\" src=\"https:\/\/minervateam.hu\/wp-content\/uploads\/2025\/03\/image-3.png\" alt=\"\" class=\"wp-image-49\" srcset=\"https:\/\/minervateam.hu\/wp-content\/uploads\/2025\/03\/image-3.png 758w, https:\/\/minervateam.hu\/wp-content\/uploads\/2025\/03\/image-3-300x211.png 300w\" sizes=\"auto, (max-width: 758px) 100vw, 758px\" \/><\/figure>\n","protected":false},"excerpt":{"rendered":"<p>A kedvezm\u00e9nyezett neve: MINERVA TEAM Ipari \u00e9s Kereskedelmi Szolg\u00e1ltat\u00f3 Kft. A projekt c\u00edme: Eg\u00e9szs\u00e9gipari term\u00e9kek gy\u00e1rt\u00e1si kapacit\u00e1s\u00e1nak a fejleszt\u00e9se a Minerva Team Kft. \u00fczem\u00e9ben. A szerz\u0151d\u00f6tt t\u00e1mogat\u00e1s \u00f6sszege: 59\u00a0093\u00a0600 Ft A t\u00e1mogat\u00e1s m\u00e9rt\u00e9ke (%-ban): 80 % A projekt befejez\u00e9si d\u00e1tuma: 2021.11.30. A projekt azonos\u00edt\u00f3 sz\u00e1ma:&nbsp; GINOP-1.2.15-21-2021-00047 A projekt tartalm\u00e1nak bemutat\u00e1sa: A Minerva Team Kft. a [&hellip;]<\/p>\n","protected":false},"author":1,"featured_media":0,"parent":0,"menu_order":0,"comment_status":"closed","ping_status":"closed","template":"","meta":{"footnotes":""},"class_list":["post-44","page","type-page","status-publish","hentry"],"_links":{"self":[{"href":"https:\/\/minervateam.hu\/index.php\/wp-json\/wp\/v2\/pages\/44","targetHints":{"allow":["GET"]}}],"collection":[{"href":"https:\/\/minervateam.hu\/index.php\/wp-json\/wp\/v2\/pages"}],"about":[{"href":"https:\/\/minervateam.hu\/index.php\/wp-json\/wp\/v2\/types\/page"}],"author":[{"embeddable":true,"href":"https:\/\/minervateam.hu\/index.php\/wp-json\/wp\/v2\/users\/1"}],"replies":[{"embeddable":true,"href":"https:\/\/minervateam.hu\/index.php\/wp-json\/wp\/v2\/comments?post=44"}],"version-history":[{"count":7,"href":"https:\/\/minervateam.hu\/index.php\/wp-json\/wp\/v2\/pages\/44\/revisions"}],"predecessor-version":[{"id":103,"href":"https:\/\/minervateam.hu\/index.php\/wp-json\/wp\/v2\/pages\/44\/revisions\/103"}],"wp:attachment":[{"href":"https:\/\/minervateam.hu\/index.php\/wp-json\/wp\/v2\/media?parent=44"}],"curies":[{"name":"wp","href":"https:\/\/api.w.org\/{rel}","templated":true}]}}